is the greatest common divisor of 36 and g?
9
Let y be (-7)/2*(-60)/35. What is the greatest common factor of y and 30?
6
Let b = -179 + 263. Calculate the greatest common divisor of 12 and b.
12
Let h be 0/1*3/6. Suppose i + 2*i = h. Let q be ((-10)/(-8) + i)*4. Calculate the greatest common factor of q and 25.
5
Let f = -22 + 36. Let v(b) = -125*b**3 + b**2 + b + 1. Suppose 2*x - 2 = -4. Let r be v(x). What is the greatest common factor of f and r?
14
Let r = 5 + 7. Suppose r = -0*n + 2*n. Calculate the greatest common factor of 66 and n.
6
Suppose 0 = -68*p + 70*p - 24. What is the greatest common divisor of p and 84?
12
Let q(f) = 13*f**2 - f + 7. Let c be q(3). Calculate the greatest common factor of c and 11.
11
Let q(s) = -2*s + 9. Let y be q(6). Let l(t) = t**3 + 4*t**2 + 4*t - 1. Let r be l(y). Let z = -3 - r. Calculate the highest common factor of z and 3.
1
Let r = 6 - 6. Let y be r - -2 - (-2 + 8). Let a = 10 - y. What is the greatest common divisor of 14 and a?
14
Let z = 394 + -214. Suppose -3*n = 2*n - z. What is the highest common divisor of n and 54?
18
Suppose -3*b - 2*b = -4*j + 164, 5*j = -b + 234. Let s = j + -24. Calculate the highest common divisor of 11 and s.
11
Suppose -5*r - 8 + 133 = 0. Let u = r + -15. What is the greatest common factor of u and 20?
10
Suppose 0 = -5*m, -2*a - 7*m = -2*m - 42. Calculate the highest common factor of a and 231.
21
Let v = 259 + -147. Calculate the highest common divisor of v and 28.
28
Let b = 23 - -13. Suppose 5*u + 11 - b = 0. Let x(z) = 2*z**3 - 6*z**2 + 7*z. Let k be x(u). What is the greatest common divisor of 15 and k?
15
Let b be ((-423)/45 - -9) + (-62)/(-5). Let f = -24 + 36. Calculate the highest common factor of b and f.
12
Let a(i) = i**2 - 6. Let o be a(-4). Suppose -1 = 2*v - 3. Calculate the greatest common factor of v and o.
1
Suppose 2*m - 4*r = 210, m = -4*r + 12 + 93. Suppose 2*u - 5 = 5*n, n - 6 = -1. Calculate the highest common factor of u and m.
15
Let u = 4 - 2. Let m be 3 + (u - 0) + -1. Suppose -4*d + 102 = -5*n - 6, 5*n + 44 = 2*d. Calculate the highest common divisor of m and d.
4
Let s(g) = 73*g - 3. Suppose -4*a + 13 = 5. Let i be s(a). What is the greatest common factor of 13 and i?
13
Let n be 6/15 + (-28)/(-5). Suppose 4 - 1 = 3*i. Let j = i - -11. What is the highest common factor of j and n?
6
Let f be (59 + 0)/(1/(-1)). Let b = f - -131. Calculate the greatest common factor of 8 and b.
8
Let q be (-1)/(1 - (-20)/(-19)). Let l = q - 2. What is the greatest common factor of l and 136?
17
Let a be ((-88)/14)/(-5*(-2)/(-35)). Calculate the greatest common divisor of 88 and a.
22
Let h(b) = b + 48. Let v be h(0). What is the greatest common divisor of 16 and v?
16
Suppose -j - 3 = -2. Let n be 9 - -1 - 2/j. Calculate the highest common divisor of n and 36.
12
Let w = 60 - 52. Calculate the greatest common divisor of 72 and w.
8
Let b = 5 - 3. Let y be -5*(48/10)/(-2). What is the greatest common divisor of b and y?
2
Suppose 0 = f - 7*f + 18. What is the greatest common divisor of f and 6?
3
Let c be ((-22)/(-4))/((-2)/(-4)). Let g be 2/(0/(-3) + 2). Calculate the highest common divisor of c and g.
1
Let f = -18 + 26. Let i = 61 - 5. Calculate the greatest common factor of f and i.
8
Let l be (-160)/(-9) + (-14)/(-63). Calculate the highest common factor of 144 and l.
18
Let c = 209 - 137. What is the greatest common factor of 18 and c?
18
Let c = -3 - -17. What is the greatest common divisor of c and 42?
14
Let q(z) = z**3 + 1. Let g(o) = -7*o**3 - o**2 - 1. Let d(c) = g(c) + 6*q(c). Let x be d(0). Let m = 6 - x. Calculate the highest common divisor of m and 8.
1
Let o be (-4)/(-18) + (-1372)/(-63). Suppose -4*p = -6*p + 22. What is the highest common divisor of p and o?
11
Suppose 4*y = 3*y + 1. What is the highest common factor of 1 and y?
1
Let s be 146 + (0 - -1) - (0 - -3). What is the highest common divisor of 24 and s?
24
Let h be (-4)/2*-1 + 8. What is the greatest common factor of h and 40?
10
Suppose 0 = -2*b + 5*z + 13, 0*b - 4*z = -b + 8. Calculate the greatest common factor of b and 16.
4
Let b be (3 + 33)*(-3 + 4). Calculate the highest common factor of 90 and b.
18
Let k(o) = -20 - 17*o + 5*o + 9*o. Let y be k(-15). Calculate the highest common divisor of 25 and y.
25
Let n be 4/10 + 8/5. Let d = -4 + 9. Suppose d*k = -n + 17. Calculate the greatest common divisor of k and 24.
3
Suppose 0 = 3*n - 4 - 14. What is the highest common factor of 18 and n?
6
Suppose 0 = 2*b - 3*b + 81. Let t(v) = -v**3 - 2*v**2 + v + 3. Let u be t(-3). What is the highest common divisor of u and b?
9
Let p be 3 - (8/(-4))/2. Suppose -a - 3*c - 33 = -4*a, -2*c = -p*a + 42. What is the highest common divisor of a and 2?
2
Let l(a) = 2*a**2 + 16*a + 11. Let m be l(-11). Calculate the greatest common factor of 11 and m.
11
Suppose -2*r + 154 = -174. Let l = r - 72. Let m = -52 + l. Calculate the highest common factor of m and 16.
8
Let f be -2 - -20 - (-6 - -4). What is the highest common divisor of f and 8?
4
Let o(a) = -a - 4. Let p be o(-6). Let x be 33/(-2) + p/4. Let v = x - -32. What is the highest common factor of 144 and v?
16
Suppose -2*r + 3 = -9. Let j = 145 + -79. What is the greatest common divisor of j and r?
6
Let w = 34 - 22. Suppose 5*j = j + 952. Suppose 2*u - 3*u - j = -4*f, -f = -u - 58. What is the greatest common divisor of w and f?
12
Let g(f) = 25*f - 21. Let d be g(3). What is the highest common divisor of d and 6?
6
Let i(b) = -b + 9. Let r be i(6). Let p(l) = l - 1. Let x be p(6). Suppose 5*f = -x*j + 10, 2*f - r = 5*j + 36. Calculate the highest common divisor of f and 7.
7
Suppose 0 = z - 2*v + 2 - 20, 84 = 5*z - 4*v. Calculate the highest common factor of z and 2.
2
Suppose 0 = 3*m + m + 12. Let w(c) = -10*c - 3. Let f be w(m). Suppose -f = 2*z - 5*z. Calculate the greatest common factor of z and 99.
9
Let r(s) = 2*s - 1. Let d be r(3). Suppose 0*w - 15 = d*w. Let i be (-13)/(1*w/12). Calculate the greatest common divisor of i and 13.
13
Let n be 1/(5 + 0 + -4). What is the greatest common factor of n and 4?
1
Let i = 6 + 3. Let k = -2 + 6. Suppose k*r - 57 = -i. Calculate the highest common divisor of r and 132.
12
Suppose 0 + 16 = -4*z. Let o be z*(-2)/8 + 10. What is the greatest common factor of o and 55?
11
Let d be 48*(20/(-8) - -3). What is the greatest common factor of d and 60?
12
Suppose 3*d = -d. Suppose d = -3*m - 2*m + 100. Suppose -2*w = -0*w - m. What is the highest common factor of 5 and w?
5
Let k(r) = 5*r - 8. Let u be k(8). Calculate the greatest common factor of u and 8.
8
Suppose -13 = -l - 39. Let j = 70 + l. Let f = 10 + j. Calculate the highest common factor of f and 6.
6
Suppose -d = 2*n - 10, 3*d + 5*n - 65 = -2*d. Let c = -1 - -3. What is the highest common divisor of c and d?
2
Let z be (-12)/15 + 5420/25. What is the greatest common factor of z and 24?
24
Suppose -6*h + 8 = -2*h. Suppose -3*t + a + 1 = 0, -4*a = -4*t - a - 7. What is the highest common factor of h and t?
2
Let j = -19 - -31. Suppose 56 = 4*u + 5*v, 0 = v + 2*v - j. Calculate the highest common divisor of u and 63.
9
Let g(i) = 44*i**2 + 2*i - 1. Let x be g(1). Suppose y - x = 53. Let t be (-1)/4 + (-114)/(-8). What is the greatest common divisor of y and t?
14
Let q(i) = -i. Let n be q(-4). Suppose n*x = x + 24. Calculate the greatest common factor of x and 12.
4
Suppose -3*q + 0*u + 5*u = -225, 0 = 4*q + 4*u - 300. Calculate the greatest common factor of q and 15.
15
Let i(b) = -b**3 + b**2 + 4*b - 3. Let c be i(-3). What is the greatest common factor of 7 and c?
7
Suppose 4*u = 2 + 6, -g + u = -13. Calculate the highest common divisor of g and 60.
15
Let f be 25 - 3*(-2)/3. Calculate the highest common factor of f and 9.
9
Let d be (-20)/(-1)*14/5. Calculate the highest common factor of d and 14.
14
Suppose -4*i - 4*g = -3*g + 4, -4*g = -4*i - 4. Let b = -10 - i. Let x be -3*6/b + 0. Calculate the greatest common factor of 3 and x.
1
Let l = -116 - -176. What is the highest common divisor of l and 24?
12
Let b(w) = w**2 + 7*w + 14. Let u be b(-6). Let s = 3 - -1. What is the highest common divisor of u and s?
4
Let i = 0 + 17. Suppose 5*x = b - i, 0*b + x = -b + 5. What is the greatest common divisor of b and 7?
7
Let u(b) = -b**2 +